[INFO] fetching crate mock-ellipticoin 0.1.1...
[INFO] checking mock-ellipticoin-0.1.1 against master#cfbc6d4cf1acbac5c025acf8ed68929caa551df3 for pr-75494-beta
[INFO] extracting crate mock-ellipticoin 0.1.1 into /workspace/builds/worker-12/source
[INFO] validating manifest of crates.io crate mock-ellipticoin 0.1.1 on toolchain cfbc6d4cf1acbac5c025acf8ed68929caa551df3
[INFO] running `Command { std: "/workspace/cargo-home/bin/cargo" "+cfbc6d4cf1acbac5c025acf8ed68929caa551df3" "read-manifest" "--manifest-path" "Cargo.toml", kill_on_drop: false }`
[INFO] started tweaking crates.io crate mock-ellipticoin 0.1.1
[INFO] finished tweaking crates.io crate mock-ellipticoin 0.1.1
[INFO] tweaked toml for crates.io crate mock-ellipticoin 0.1.1 written to /workspace/builds/worker-12/source/Cargo.toml
[INFO] running `Command { std: "/workspace/cargo-home/bin/cargo" "+cfbc6d4cf1acbac5c025acf8ed68929caa551df3" "generate-lockfile" "--manifest-path" "Cargo.toml" "-Zno-index-update", kill_on_drop: false }`
[INFO] running `Command { std: "/workspace/cargo-home/bin/cargo" "+cfbc6d4cf1acbac5c025acf8ed68929caa551df3" "fetch" "--locked" "--manifest-path" "Cargo.toml", kill_on_drop: false }`
[INFO] [stderr]  Downloading crates ...
[INFO] [stderr]   Downloaded ellipticoin-mock-api v0.1.3
[INFO] [stderr]   Downloaded wasm-rpc v0.2.16
[INFO] [stderr]   Downloaded ellipticoin v0.1.6
[INFO] [stderr]   Downloaded ellipticoin-api v0.0.2
[INFO] [stderr]   Downloaded wasm-rpc-macros v0.2.16
[INFO] running `Command { std: "docker" "create" "-v" "/var/lib/crater-agent-workspace/builds/worker-12/target:/opt/rustwide/target:rw,Z" "-v" "/var/lib/crater-agent-workspace/builds/worker-12/source:/opt/rustwide/workdir:ro,Z" "-v" "/var/lib/crater-agent-workspace/cargo-home:/opt/rustwide/cargo-home:ro,Z" "-v" "/var/lib/crater-agent-workspace/rustup-home:/opt/rustwide/rustup-home:ro,Z" "-e" "SOURCE_DIR=/opt/rustwide/workdir" "-e" "CARGO_TARGET_DIR=/opt/rustwide/target" "-e" "CARGO_HOME=/opt/rustwide/cargo-home" "-e" "RUSTUP_HOME=/opt/rustwide/rustup-home" "-w" "/opt/rustwide/workdir" "-m" "1610612736" "--user" "0:0" "--network" "none" "rustops/crates-build-env@sha256:a636fd89d022f18117e1dc8fb37a0a009933cdbbe082814857f0e2024962d47c" "/opt/rustwide/cargo-home/bin/cargo" "+cfbc6d4cf1acbac5c025acf8ed68929caa551df3" "metadata" "--no-deps" "--format-version=1", kill_on_drop: false }`
[INFO] [stdout] eb1a639210a9cdd7b04ce5f2889e01b87c6599ed09e5449d025e2061c1e0f36a
[INFO] [stderr] WARNING: Your kernel does not support swap limit capabilities or the cgroup is not mounted. Memory limited without swap.
[INFO] running `Command { std: "docker" "start" "-a" "eb1a639210a9cdd7b04ce5f2889e01b87c6599ed09e5449d025e2061c1e0f36a", kill_on_drop: false }`
[INFO] running `Command { std: "docker" "inspect" "eb1a639210a9cdd7b04ce5f2889e01b87c6599ed09e5449d025e2061c1e0f36a", kill_on_drop: false }`
[INFO] running `Command { std: "docker" "rm" "-f" "eb1a639210a9cdd7b04ce5f2889e01b87c6599ed09e5449d025e2061c1e0f36a", kill_on_drop: false }`
[INFO] [stdout] eb1a639210a9cdd7b04ce5f2889e01b87c6599ed09e5449d025e2061c1e0f36a
[INFO] running `Command { std: "docker" "create" "-v" "/var/lib/crater-agent-workspace/builds/worker-12/target:/opt/rustwide/target:rw,Z" "-v" "/var/lib/crater-agent-workspace/builds/worker-12/source:/opt/rustwide/workdir:ro,Z" "-v" "/var/lib/crater-agent-workspace/cargo-home:/opt/rustwide/cargo-home:ro,Z" "-v" "/var/lib/crater-agent-workspace/rustup-home:/opt/rustwide/rustup-home:ro,Z" "-e" "SOURCE_DIR=/opt/rustwide/workdir" "-e" "CARGO_TARGET_DIR=/opt/rustwide/target" "-e" "CARGO_INCREMENTAL=0" "-e" "RUST_BACKTRACE=full" "-e" "RUSTFLAGS=--cap-lints=forbid" "-e" "CARGO_HOME=/opt/rustwide/cargo-home" "-e" "RUSTUP_HOME=/opt/rustwide/rustup-home" "-w" "/opt/rustwide/workdir" "-m" "1610612736" "--user" "0:0" "--network" "none" "rustops/crates-build-env@sha256:a636fd89d022f18117e1dc8fb37a0a009933cdbbe082814857f0e2024962d47c" "/opt/rustwide/cargo-home/bin/cargo" "+cfbc6d4cf1acbac5c025acf8ed68929caa551df3" "check" "--frozen" "--all" "--all-targets" "--message-format=json", kill_on_drop: false }`
[INFO] [stderr] WARNING: Your kernel does not support swap limit capabilities or the cgroup is not mounted. Memory limited without swap.
[INFO] [stdout] aed29e226016caf0621dd351ab6e4859b38148b190125e5b857574d8ff889961
[INFO] running `Command { std: "docker" "start" "-a" "aed29e226016caf0621dd351ab6e4859b38148b190125e5b857574d8ff889961", kill_on_drop: false }`
[INFO] [stderr]    Compiling proc-macro2 v1.0.19
[INFO] [stderr]    Compiling unicode-xid v0.2.1
[INFO] [stderr]    Compiling syn v1.0.39
[INFO] [stderr]    Compiling serde_derive v1.0.115
[INFO] [stderr]    Compiling serde v1.0.115
[INFO] [stderr]    Compiling quote v1.0.7
[INFO] [stderr]    Compiling wasm-rpc-macros v0.2.16
[INFO] [stderr]     Checking serde_cbor v0.11.1
[INFO] [stderr]     Checking serde_bytes v0.11.5
[INFO] [stderr]     Checking wasm-rpc v0.2.16
[INFO] [stderr]     Checking ellipticoin-mock-api v0.1.3
[INFO] [stderr]     Checking ellipticoin-api v0.0.2
[INFO] [stdout] error[E0432]: unresolved imports `wasm_rpc::Bytes`, `wasm_rpc::Dereferenceable`, `wasm_rpc::FromBytes`, `wasm_rpc::Referenceable`, `wasm_rpc::ToBytes`, `wasm_rpc::Value`
[INFO] [stdout]  --> /opt/rustwide/cargo-home/registry/src/github.com-1ecc6299db9ec823/ellipticoin-api-0.0.2/src/lib.rs:5:20
[INFO] [stdout]   |
[INFO] [stdout] 5 | pub use wasm_rpc::{Bytes, Dereferenceable, FromBytes, Referenceable, ToBytes, Value};
[INFO] [stdout]   |                    ^^^^^  ^^^^^^^^^^^^^^^  ^^^^^^^^^  ^^^^^^^^^^^^^  ^^^^^^^  ^^^^^ no `Value` in the root
[INFO] [stdout]   |                    |      |                |          |              |
[INFO] [stdout]   |                    |      |                |          |              no `ToBytes` in the root
[INFO] [stdout]   |                    |      |                |          no `Referenceable` in the root
[INFO] [stdout]   |                    |      |                no `FromBytes` in the root
[INFO] [stdout]   |                    |      no `Dereferenceable` in the root
[INFO] [stdout]   |                    no `Bytes` in the root
[INFO] [stdout] 
[INFO] [stdout] 
[INFO] [stdout] error[E0425]: cannot find function `from_slice` in crate `wasm_rpc`
[INFO] [stdout]    --> /opt/rustwide/cargo-home/registry/src/github.com-1ecc6299db9ec823/ellipticoin-api-0.0.2/src/lib.rs:122:49
[INFO] [stdout]     |
[INFO] [stdout] 122 |             let return_value: Value = wasm_rpc::from_slice(return_value_bytes).expect("failed to parse return_value");
[INFO] [stdout]     |                                                 ^^^^^^^^^^ not found in `wasm_rpc`
[INFO] [stdout]     |
[INFO] [stdout] help: consider importing this function
[INFO] [stdout]     |
[INFO] [stdout] 5   | use wasm_rpc::serde_cbor::from_slice;
[INFO] [stdout]     |
[INFO] [stdout] 
[INFO] [stdout] 
[INFO] [stdout] error[E0432]: unresolved imports `wasm_rpc::Bytes`, `wasm_rpc::FromBytes`, `wasm_rpc::ToBytes`, `wasm_rpc::Value`
[INFO] [stdout]  --> /opt/rustwide/cargo-home/registry/src/github.com-1ecc6299db9ec823/ellipticoin-mock-api-0.1.3/src/lib.rs:7:20
[INFO] [stdout]   |
[INFO] [stdout] 7 | pub use wasm_rpc::{Bytes, FromBytes, ToBytes, Value};
[INFO] [stdout]   |                    ^^^^^  ^^^^^^^^^  ^^^^^^^  ^^^^^ no `Value` in the root
[INFO] [stdout]   |                    |      |          |
[INFO] [stdout]   |                    |      |          no `ToBytes` in the root
[INFO] [stdout]   |                    |      no `FromBytes` in the root
[INFO] [stdout]   |                    no `Bytes` in the root
[INFO] [stdout] 
[INFO] [stdout] 
[INFO] [stdout] error: aborting due to 2 previous errors
[INFO] [stdout] 
[INFO] [stdout] 
[INFO] [stdout] Some errors have detailed explanations: E0425, E0432.
[INFO] [stdout] 
[INFO] [stdout] For more information about an error, try `rustc --explain E0425`.
[INFO] [stdout] 
[INFO] [stdout] error: aborting due to previous error
[INFO] [stdout] 
[INFO] [stdout] 
[INFO] [stdout] For more information about this error, try `rustc --explain E0432`.
[INFO] [stdout] 
[INFO] [stderr] error: could not compile `ellipticoin-api`.
[INFO] [stderr] 
[INFO] [stderr] To learn more, run the command again with --verbose.
[INFO] [stderr] warning: build failed, waiting for other jobs to finish...
[INFO] [stderr] error: build failed
[INFO] running `Command { std: "docker" "inspect" "aed29e226016caf0621dd351ab6e4859b38148b190125e5b857574d8ff889961", kill_on_drop: false }`
[INFO] running `Command { std: "docker" "rm" "-f" "aed29e226016caf0621dd351ab6e4859b38148b190125e5b857574d8ff889961", kill_on_drop: false }`
[INFO] [stdout] aed29e226016caf0621dd351ab6e4859b38148b190125e5b857574d8ff889961
